 t = q - -363. What is the greatest common divisor of 24 and t?
24
Let s(p) = -p**2 + 8*p - 5. Let r be s(5). Suppose 2*c - r = -5*a + 37, c + 3*a - 26 = 0. Calculate the greatest common divisor of c and 121.
11
Let v = -7 + 49. Let i(c) = -c**3 + 16*c**2 + 4*c + 51. Let f be i(15). What is the greatest common factor of f and v?
42
Let y = -14 + 17. Let l be (1 - (-13)/2)/(y/64). Calculate the highest common factor of 20 and l.
20
Let h be (-1)/(0 + (-3)/6). Suppose -100 = -4*r - 6*r. Let s = r - 0. Calculate the highest common divisor of s and h.
2
Suppose 0 = g + g. Suppose 4*j - j - 15 = g. Suppose 0 = 2*r - j*v - 3, -5*v = -r - 3 - 3. What is the greatest common divisor of r and 45?
9
Suppose -2*j + 37 = -4*k + 619, -3*k - 2*j + 433 = 0. What is the greatest common divisor of 20 and k?
5
Let m = -31 - -41. Let v = 6 + -5. What is the highest common divisor of m and v?
1
Let g(m) = -m**3 + 16*m**2 + 3*m - 21. Let k be g(16). Let v = k + -23. Suppose 288 = v*u + 48. What is the highest common factor of 12 and u?
12
Let y(r) = r**3 + 4*r**2 + 28 - 6 - 7*r - 5 - 5. Let d be y(3). Calculate the greatest common divisor of 36 and d.
18
Suppose -232 = -171*a + 167*a - 4*y, -34 = -a + 5*y. Suppose 0 = 4*d + 4*b - 520, 690 = 5*d + 3*b - 6*b. Calculate the greatest common factor of a and d.
27
Let u = 782 - 781. Let a = -7 - -11. Suppose 0 = 4*z - 16, -a*z + 4 = -p - 7. Calculate the highest common factor of u and p.
1
Let o = 729 + -334. Calculate the greatest common factor of o and 316.
79
Let f = -23517 - -23530. Suppose -3*u - 760 = -2512. Suppose -4*q = c - 0*c - 568, 4*q - 3*c - u = 0. Calculate the highest common divisor of q and f.
13
Suppose -13*k + 16*k - 6 = 0. Suppose 6*t + k*o - 74 = 2*t, 2*t = 5*o + 67. Calculate the highest common divisor of 189 and t.
21
Let r = -10 + 12. Suppose -2*y - 2*y - 72 = t, -r*y + 5*t = 14. Let u = 5 - y. What is the highest common divisor of 198 and u?
22
Suppose -9*m = -23*m + 2744. What is the greatest common divisor of 4 and m?
4
Let m(g) = 2*g - 10. Let a be m(33). What is the greatest common factor of 7 and a?
7
Let b be (24/(-30))/((-4)/10). Suppose b*r - 24 = 8. Let u be 30*(20/(-15) + 4). What is the greatest common factor of u and r?
16
Suppose 8*g - 2473 = -1329. What is the highest common factor of g and 39?
13
Suppose y + 4*y = 2*c + 19, 0 = y + 3*c + 3. Let l be -332*y/(-33) + 4/(-22). Let o = 8 + 4. Calculate the greatest common factor of l and o.
6
Let d be -2*((-45)/(-2))/(-9). Suppose 3*v = -3*w + 61 + 74, -d*v = -5*w - 215. Calculate the highest common divisor of 22 and v.
22
Let g be (-122 - -131) + 1*45. What is the greatest common divisor of g and 27?
27
Let u = -333 - -428. Calculate the highest common factor of 19 and u.
19
Let g = 0 - -5. Let o = g + -9. Let f be o/(-3) + (-2)/(-3). What is the greatest common divisor of 1 and f?
1
Let w = -403 - -406. What is the highest common factor of w and 24?
3
Suppose 8*c - c - 42 = 0. Let b be ((-24)/10 + 6)/(c/100). Calculate the greatest common factor of b and 12.
12
Suppose -62 = -w - 34. What is the highest common factor of 217 and w?
7
Let i(d) = -62*d - 10. Let q be i(-3). Let o = -38 + 54. Calculate the highest common factor of o and q.
16
Let j(i) = 2*i**3 - 3*i**2 + 3*i - 3. Let t be j(2). Let r(o) = 7*o - 4*o + 6*o - 21 + o**2. Let p be r(-11). Calculate the greatest common divisor of t and p.
1
Suppose -4*h - 69 = -b, -2*b + 245 = 5*h + 68. Calculate the greatest common divisor of b and 9.
9
Let h(c) = 15*c**2 + 49*c + 205. Let z be h(-4). What is the greatest common divisor of z and 9?
3
Let x be 97 + 2*(-10)/(-5). Let q = 4 + x. Calculate the greatest common factor of q and 42.
21
Let u(r) = 4*r + 26. Let m(v) = 2*v + 13. Let n(g) = -5*m(g) + 2*u(g). Let q be n(-8). Suppose q*i + 6 = 18. Calculate the highest common factor of i and 32.
4
Let u be -4*(42/12 + -2 + 2). Let a be (4 + u + (-4 - -3))*-13. What is the greatest common divisor of 13 and a?
13
Let b be 42/(-105) - 394/(-10). Let i be 13/b + 1/(-3). Suppose i = 2*o - 40 - 2. Calculate the highest common factor of 147 and o.
21
Let r(j) = -18*j - 8. Suppose -29 + 11 = 3*d. Let y be r(d). What is the greatest common divisor of y and 25?
25
Let f be ((-874)/(-57))/((-2)/(-6)). Calculate the highest common divisor of f and 10.
2
Let y be (0 + 1)/(1/9). Let x(c) = 8*c + 19. Let d be x(y). Suppose 0 = -3*o + 3*t + 54, 16 = 4*o + 2*t - 26. What is the greatest common factor of d and o?
13
Suppose 2*n = -5*r - 14, -2*n = -r + 14 + 12. Suppose -18 + 8 = -5*d. Let h be (52/d)/(n/(-66)). What is the greatest common divisor of h and 13?
13
Let y be (4 + -2)*((-102)/(-12) + -3). Calculate the highest common divisor of 737 and y.
11
Suppose -3*c + 4*g = -247, 0 = 5*c - 5*g - 575 + 165. Calculate the highest common divisor of c and 27.
27
Let a be -1 + 92 + (-6)/(5 - -1). Calculate the greatest common factor of a and 120.
30
Let t = 33 + -21. Suppose -p - t = -5*u, 3 = -u + 7. Let f = -165 - -173. Calculate the greatest common divisor of p and f.
8
Let f = -72 - -116. What is the highest common divisor of 418 and f?
22
Let z = -584 - -914. What is the greatest common factor of 90 and z?
30
Let t(d) = -9*d - 3 + 6 - 6 - 3. Let g be t(-3). Let j be -2*2*6/(-8). What is the highest common divisor of g and j?
3
Let f = 33 - 30. Suppose -5*s + 0*s = -30. What is the greatest common factor of s and f?
3
Let k(u) = -u**2 - 10*u - 28. Let r be k(-10). Let q = 41 + r. Calculate the greatest common factor of q and 26.
13
Let p be 217/(((-24)/36)/(6/(-9))). Calculate the greatest common divisor of 279 and p.
31
Let m = -361 + 421. Calculate the greatest common factor of 1020 and m.
60
Let m(h) be the third derivative of -h**4/24 + h**3/3 - 9*h**2. Let z be m(-4). Suppose -18 = -0*d - 2*d. What is the highest common divisor of d and z?
3
Let m = 803 - 775. Calculate the highest common divisor of 140 and m.
28
Let u be 286/4 - 1/(-2). Let a be (-20)/(-8)*(-8)/10. Let i be (7/(-14))/((-71)/(-36) + a). What is the highest common divisor of u and i?
18
Suppose -5*k = 1 - 111. Suppose 3*g + 402 = 2*p, 0*p = -p - 4*g + 190. Calculate the greatest common divisor of p and k.
22
Suppose 5*o + 265 - 1215 = 0. Suppose 6*r = 4*r + o. Calculate the highest common factor of 5 and r.
5
Let u(p) = -p**2 + 14*p + 19. Let h be u(15). Suppose 3*d + h = 5*a + 2, 0 = 5*a - 5. Calculate the highest common factor of 1 and d.
1
Let w(u) = 55*u - 11. Let q be w(2). Let h = q + -24. Calculate the highest common divisor of h and 30.
15
Suppose 0 = -a + 6 - 4. Suppose j + a*j = 12. Let z(p) = -p**3 + 7*p**2 - 7*p + 5. Let b be z(j). What is the greatest common factor of 175 and b?
25
Let x = -43 + 31. Let t = x + 14. Suppose -2*w + 4 = -0, 2*w = -t*i + 14. What is the highest common divisor of i and 5?
5
Let z(y) = -4*y - 7. Let m = 29 + -34. Let o be z(m). Suppose -112 - 304 = -4*c. Calculate the greatest common divisor of o and c.
13
Let x be (-831)/(-21) - 18/(-42). Calculate the highest common divisor of x and 5.
5
Suppose -4*u - 4*k = 72, 5*u - 5*k + 22 = -88. Let p = 32 + u. Calculate the highest common factor of 6 and p.
6
Let v(t) = -13*t + 24. Let y be v(-9). Calculate the highest common factor of 47 and y.
47
Let d be (1 + -2)*(8 - -1). Suppose -2*u - 2*u - 5*j + 75 = 0, u + 4*j - 27 = 0. Let a = u + d. Calculate the greatest common factor of a and 54.
6
Let w = -16 + 19. Let t be -1 + w + -1 - -17. Calculate the greatest common factor of 198 and t.
18
Suppose -5*s + 11 = -k, -5*s + 3*k + 31 = 7*k. What is the highest common divisor of 342 and s?
3
Let k be -119*(-5)/(-7)*22/(-11). Calculate the highest common divisor of k and 238.
34
Suppose 0 = -w - 2*w + 135. Calculate the highest common divisor of 585 and w.
45
Suppose 2*o + 81 = 3*o. Let v = 139 - 135. Suppose -v*k + 26 = -2*y, -4*k + 56 = -0*k + 4*y. What is the greatest common divisor of o and k?
9
Suppose 8*f = 11*f - 15. Let v = f + 0. What is the highest common factor of 35 and v?
5
Let d be (-398)/(-10) - (108/(-15) + 7). Calculate the highest common divisor of 100 and d.
20
Suppose 0 = 4*v + 381 + 7. Let g = -25 - v. Calculate the greatest common divisor of 24 and g.
24
Let j(n) = -4*n + 35. Let a be j(8). Suppose 3*v - 5*l - 97 = 0, 2*l = -a*v + 2*v